[INFO] fetching crate rustup-private-download 0.6.5...
[INFO] checking rustup-private-download-0.6.5 against master#af3c6e733a40e671550e0f0f5aeecaa13772ba56 for pr-74989
[INFO] extracting crate rustup-private-download 0.6.5 into /workspace/builds/worker-1/source
[INFO] validating manifest of crates.io crate rustup-private-download 0.6.5 on toolchain af3c6e733a40e671550e0f0f5aeecaa13772ba56
[INFO] running `Command { std: "/workspace/cargo-home/bin/cargo" "+af3c6e733a40e671550e0f0f5aeecaa13772ba56" "read-manifest" "--manifest-path" "Cargo.toml", kill_on_drop: false }`
[INFO] started tweaking crates.io crate rustup-private-download 0.6.5
[INFO] finished tweaking crates.io crate rustup-private-download 0.6.5
[INFO] tweaked toml for crates.io crate rustup-private-download 0.6.5 written to /workspace/builds/worker-1/source/Cargo.toml
[INFO] running `Command { std: "/workspace/cargo-home/bin/cargo" "+af3c6e733a40e671550e0f0f5aeecaa13772ba56" "generate-lockfile" "--manifest-path" "Cargo.toml" "-Zno-index-update", kill_on_drop: false }`
[INFO] running `Command { std: "/workspace/cargo-home/bin/cargo" "+af3c6e733a40e671550e0f0f5aeecaa13772ba56" "fetch" "--locked" "--manifest-path" "Cargo.toml", kill_on_drop: false }`
[INFO] running `Command { std: "docker" "create" "-v" "/var/lib/crater-agent-workspace/builds/worker-1/target:/opt/rustwide/target:rw,Z" "-v" "/var/lib/crater-agent-workspace/builds/worker-1/source:/opt/rustwide/workdir:ro,Z" "-v" "/var/lib/crater-agent-workspace/cargo-home:/opt/rustwide/cargo-home:ro,Z" "-v" "/var/lib/crater-agent-workspace/rustup-home:/opt/rustwide/rustup-home:ro,Z" "-e" "SOURCE_DIR=/opt/rustwide/workdir" "-e" "CARGO_TARGET_DIR=/opt/rustwide/target" "-e" "CARGO_HOME=/opt/rustwide/cargo-home" "-e" "RUSTUP_HOME=/opt/rustwide/rustup-home" "-w" "/opt/rustwide/workdir" "-m" "1610612736" "--user" "0:0" "--network" "none" "rustops/crates-build-env@sha256:d92eaeed33fa75130ca1ee6c8a01d1ffb62bac859dfdfb3450e3e5d1c0146529" "/opt/rustwide/cargo-home/bin/cargo" "+af3c6e733a40e671550e0f0f5aeecaa13772ba56" "metadata" "--no-deps" "--format-version=1", kill_on_drop: false }`
[INFO] [stdout] 29e09456b8532976744f81e6062a424768ac7d2bc68181507cfc5f41f1046828
[INFO] [stderr] WARNING: Your kernel does not support swap limit capabilities or the cgroup is not mounted. Memory limited without swap.
[INFO] running `Command { std: "docker" "start" "-a" "29e09456b8532976744f81e6062a424768ac7d2bc68181507cfc5f41f1046828", kill_on_drop: false }`
[INFO] running `Command { std: "docker" "inspect" "29e09456b8532976744f81e6062a424768ac7d2bc68181507cfc5f41f1046828", kill_on_drop: false }`
[INFO] running `Command { std: "docker" "rm" "-f" "29e09456b8532976744f81e6062a424768ac7d2bc68181507cfc5f41f1046828", kill_on_drop: false }`
[INFO] [stdout] 29e09456b8532976744f81e6062a424768ac7d2bc68181507cfc5f41f1046828
[INFO] running `Command { std: "docker" "create" "-v" "/var/lib/crater-agent-workspace/builds/worker-1/target:/opt/rustwide/target:rw,Z" "-v" "/var/lib/crater-agent-workspace/builds/worker-1/source:/opt/rustwide/workdir:ro,Z" "-v" "/var/lib/crater-agent-workspace/cargo-home:/opt/rustwide/cargo-home:ro,Z" "-v" "/var/lib/crater-agent-workspace/rustup-home:/opt/rustwide/rustup-home:ro,Z" "-e" "SOURCE_DIR=/opt/rustwide/workdir" "-e" "CARGO_TARGET_DIR=/opt/rustwide/target" "-e" "CARGO_INCREMENTAL=0" "-e" "RUST_BACKTRACE=full" "-e" "RUSTFLAGS=--cap-lints=forbid" "-e" "CARGO_HOME=/opt/rustwide/cargo-home" "-e" "RUSTUP_HOME=/opt/rustwide/rustup-home" "-w" "/opt/rustwide/workdir" "-m" "1610612736" "--user" "0:0" "--network" "none" "rustops/crates-build-env@sha256:d92eaeed33fa75130ca1ee6c8a01d1ffb62bac859dfdfb3450e3e5d1c0146529" "/opt/rustwide/cargo-home/bin/cargo" "+af3c6e733a40e671550e0f0f5aeecaa13772ba56" "check" "--frozen" "--all" "--all-targets" "--message-format=json", kill_on_drop: false }`
[INFO] [stdout] 2acc875c2750d4c7c031f75c6629a28b6853904837cf96b6b10b1f44e446b2d5
[INFO] [stderr] WARNING: Your kernel does not support swap limit capabilities or the cgroup is not mounted. Memory limited without swap.
[INFO] running `Command { std: "docker" "start" "-a" "2acc875c2750d4c7c031f75c6629a28b6853904837cf96b6b10b1f44e446b2d5", kill_on_drop: false }`
[INFO] [stderr]    Compiling libc v0.2.77
[INFO] [stderr]     Checking cfg-if v0.1.10
[INFO] [stderr]     Checking lazy_static v1.4.0
[INFO] [stderr]    Compiling log v0.4.11
[INFO] [stderr]     Checking futures v0.1.29
[INFO] [stderr]    Compiling unicode-xid v0.2.1
[INFO] [stderr]    Compiling byteorder v1.3.4
[INFO] [stderr]     Checking fnv v1.0.7
[INFO] [stderr]    Compiling semver-parser v0.7.0
[INFO] [stderr]    Compiling syn v1.0.40
[INFO] [stderr]    Compiling maybe-uninit v2.0.0
[INFO] [stderr]     Checking slab v0.4.2
[INFO] [stderr]     Checking itoa v0.4.6
[INFO] [stderr]    Compiling version_check v0.9.2
[INFO] [stderr]     Checking scopeguard v1.1.0
[INFO] [stderr]    Compiling autocfg v0.1.7
[INFO] [stderr]     Checking rand_core v0.4.2
[INFO] [stderr]     Checking matches v0.1.8
[INFO] [stderr]    Compiling pkg-config v0.3.18
[INFO] [stderr]     Checking adler v0.2.3
[INFO] [stderr]     Checking gimli v0.22.0
[INFO] [stderr]     Checking rustc-demangle v0.1.16
[INFO] [stderr]    Compiling httparse v1.3.4
[INFO] [stderr]    Compiling bitflags v1.2.1
[INFO] [stderr]     Checking try-lock v0.2.3
[INFO] [stderr]     Checking object v0.20.0
[INFO] [stderr]    Compiling memchr v2.3.3
[INFO] [stderr]    Compiling openssl v0.10.30
[INFO] [stderr]    Compiling ryu v1.0.5
[INFO] [stderr]     Checking bytes v0.5.6
[INFO] [stderr]     Checking futures-core v0.3.5
[INFO] [stderr]     Checking foreign-types-shared v0.1.1
[INFO] [stderr]    Compiling pin-project-internal v0.4.23
[INFO] [stderr]    Compiling native-tls v0.2.4
[INFO] [stderr]     Checking percent-encoding v2.1.0
[INFO] [stderr]     Checking openssl-probe v0.1.2
[INFO] [stderr]     Checking pin-project-lite v0.1.7
[INFO] [stderr]     Checking dtoa v0.4.6
[INFO] [stderr]     Checking pin-utils v0.1.0
[INFO] [stderr]     Checking futures-sink v0.3.5
[INFO] [stderr]     Checking mime v0.3.16
[INFO] [stderr]     Checking tower-service v0.3.0
[INFO] [stderr]    Compiling crossbeam-utils v0.7.2
[INFO] [stderr]    Compiling memoffset v0.5.5
[INFO] [stderr]    Compiling crossbeam-epoch v0.8.2
[INFO] [stderr]    Compiling indexmap v1.6.0
[INFO] [stderr]     Checking try_from v0.3.2
[INFO] [stderr]     Checking tracing-core v0.1.16
[INFO] [stderr]     Checking lock_api v0.3.4
[INFO] [stderr]     Checking unicode-bidi v0.3.4
[INFO] [stderr]     Checking miniz_oxide v0.4.1
[INFO] [stderr]    Compiling semver v0.9.0
[INFO] [stderr]     Checking rand_core v0.3.1
[INFO] [stderr]     Checking rand_jitter v0.1.4
[INFO] [stderr]    Compiling unicase v2.6.0
[INFO] [stderr]    Compiling error-chain v0.12.4
[INFO] [stderr]     Checking futures-channel v0.3.5
[INFO] [stderr]     Checking foreign-types v0.3.2
[INFO] [stderr]    Compiling rand_chacha v0.1.1
[INFO] [stderr]    Compiling rand_pcg v0.1.2
[INFO] [stderr]    Compiling rand v0.6.5
[INFO] [stderr]    Compiling proc-macro2 v1.0.21
[INFO] [stderr]     Checking http v0.2.1
[INFO] [stderr]    Compiling openssl-sys v0.9.58
[INFO] [stderr]     Checking rand_isaac v0.1.1
[INFO] [stderr]     Checking rand_hc v0.1.0
[INFO] [stderr]     Checking rand_xorshift v0.1.1
[INFO] [stderr]     Checking crc32fast v1.2.0
[INFO] [stderr]     Checking encoding_rs v0.8.24
[INFO] [stderr]    Compiling rustc_version v0.2.3
[INFO] [stderr]     Checking idna v0.1.5
[INFO] [stderr]     Checking idna v0.2.0
[INFO] [stderr]     Checking smallvec v0.6.13
[INFO] [stderr]     Checking tokio-sync v0.1.8
[INFO] [stderr]     Checking want v0.2.0
[INFO] [stderr]     Checking tracing v0.1.19
[INFO] [stderr]     Checking want v0.3.0
[INFO] [stderr]    Compiling quote v1.0.7
[INFO] [stderr]     Checking base64 v0.10.1
[INFO] [stderr]    Compiling parking_lot_core v0.6.2
[INFO] [stderr]    Compiling parking_lot v0.9.0
[INFO] [stderr]    Compiling hyper v0.12.35
[INFO] [stderr]     Checking iovec v0.1.4
[INFO] [stderr]     Checking net2 v0.2.35
[INFO] [stderr]     Checking num_cpus v1.13.0
[INFO] [stderr]     Checking time v0.1.44
[INFO] [stderr]     Checking getrandom v0.1.15
[INFO] [stderr]     Checking rand_os v0.1.3
[INFO] [stderr]     Checking flate2 v1.0.17
[INFO] [stderr]     Checking socks v0.3.2
[INFO] [stderr]     Checking socket2 v0.3.15
[INFO] [stderr]     Checking url v2.1.1
[INFO] [stderr]     Checking url v1.7.2
[INFO] [stderr]     Checking tokio-executor v0.1.10
[INFO] [stderr]     Checking crossbeam-queue v0.2.3
[INFO] [stderr]     Checking bytes v0.4.12
[INFO] [stderr]    Compiling mime_guess v2.0.3
[INFO] [stderr]     Checking futures-cpupool v0.1.8
[INFO] [stderr]     Checking rand_core v0.5.1
[INFO] [stderr]     Checking mio v0.6.22
[INFO] [stderr]     Checking tokio-current-thread v0.1.7
[INFO] [stderr]     Checking tokio-timer v0.2.13
[INFO] [stderr]     Checking crossbeam-deque v0.7.3
[INFO] [stderr]     Checking rand_chacha v0.2.2
[INFO] [stderr]     Checking tokio-io v0.1.13
[INFO] [stderr]     Checking http v0.1.21
[INFO] [stderr]     Checking tokio-buf v0.1.1
[INFO] [stderr]     Checking string v0.2.1
[INFO] [stderr]     Checking addr2line v0.13.0
[INFO] [stderr]     Checking cookie v0.12.0
[INFO] [stderr]     Checking env_proxy v0.3.1
[INFO] [stderr]     Checking http-body v0.3.1
[INFO] [stderr]     Checking tokio-threadpool v0.1.18
[INFO] [stderr]     Checking rand v0.7.3
[INFO] [stderr]     Checking tokio v0.2.22
[INFO] [stderr]     Checking backtrace v0.3.50
[INFO] [stderr]     Checking tokio-reactor v0.1.12
[INFO] [stderr]     Checking uuid v0.7.4
[INFO] [stderr]     Checking tokio-tcp v0.1.4
[INFO] [stderr]     Checking tokio v0.1.22
[INFO] [stderr]     Checking publicsuffix v1.5.4
[INFO] [stderr]     Checking tempfile v3.1.0
[INFO] [stderr]     Checking h2 v0.1.26
[INFO] [stderr]     Checking http-body v0.1.0
[INFO] [stderr]     Checking tokio-util v0.3.1
[INFO] [stderr]    Compiling synstructure v0.12.4
[INFO] [stderr]     Checking hyper-tls v0.3.2
[INFO] [stderr]    Compiling serde_derive v1.0.116
[INFO] [stderr]    Compiling failure_derive v0.1.8
[INFO] [stderr]     Checking failure v0.1.8
[INFO] [stderr]     Checking pin-project v0.4.23
[INFO] [stderr]     Checking futures-util v0.3.5
[INFO] [stderr]     Checking h2 v0.2.6
[INFO] [stderr]     Checking serde v1.0.116
[INFO] [stderr]     Checking hyper v0.13.7
[INFO] [stderr]     Checking serde_json v1.0.57
[INFO] [stderr]     Checking serde_urlencoded v0.5.5
[INFO] [stderr]     Checking cookie_store v0.7.0
[INFO] [stderr]     Checking reqwest v0.9.24
[INFO] [stderr]     Checking rustup-private-download v0.6.5 (/opt/rustwide/workdir)
[INFO] [stdout] error[E0432]: unresolved import `download`
[INFO] [stdout]  --> tests/download-reqwest-resume.rs:8:5
[INFO] [stdout]   |
[INFO] [stdout] 8 | use download::*;
[INFO] [stdout]   |     ^^^^^^^^ use of undeclared type or module `download`
[INFO] [stdout] 
[INFO] [stdout] 
[INFO] [stdout] error[E0433]: failed to resolve: use of undeclared type or module `Backend`
[INFO] [stdout]   --> tests/download-reqwest-resume.rs:23:35
[INFO] [stdout]    |
[INFO] [stdout] 23 |     download_to_path_with_backend(Backend::Reqwest, &from_url, &target_path, true, None)
[INFO] [stdout]    |                                   ^^^^^^^ use of undeclared type or module `Backend`
[INFO] [stdout] 
[INFO] [stdout] 
[INFO] [stdout] error[E0433]: failed to resolve: use of undeclared type or module `Backend`
[INFO] [stdout]   --> tests/download-reqwest-resume.rs:44:9
[INFO] [stdout]    |
[INFO] [stdout] 44 |         Backend::Reqwest,
[INFO] [stdout]    |         ^^^^^^^ use of undeclared type or module `Backend`
[INFO] [stdout] 
[INFO] [stdout] 
[INFO] [stdout] error[E0433]: failed to resolve: use of undeclared type or module `Event`
[INFO] [stdout]   --> tests/download-reqwest-resume.rs:50:17
[INFO] [stdout]    |
[INFO] [stdout] 50 |                 Event::ResumingPartialDownload => {
[INFO] [stdout]    |                 ^^^^^ use of undeclared type or module `Event`
[INFO] [stdout] 
[INFO] [stdout] 
[INFO] [stdout] error[E0433]: failed to resolve: use of undeclared type or module `Event`
[INFO] [stdout]   --> tests/download-reqwest-resume.rs:54:17
[INFO] [stdout]    |
[INFO] [stdout] 54 |                 Event::DownloadContentLengthReceived(len) => {
[INFO] [stdout]    |                 ^^^^^ use of undeclared type or module `Event`
[INFO] [stdout] 
[INFO] [stdout] 
[INFO] [stdout] error[E0433]: failed to resolve: use of undeclared type or module `Event`
[INFO] [stdout]   --> tests/download-reqwest-resume.rs:59:17
[INFO] [stdout]    |
[INFO] [stdout] 59 |                 Event::DownloadDataReceived(data) => {
[INFO] [stdout]    |                 ^^^^^ use of undeclared type or module `Event`
[INFO] [stdout] 
[INFO] [stdout] 
[INFO] [stdout] error[E0425]: cannot find function `download_to_path_with_backend` in this scope
[INFO] [stdout]   --> tests/download-reqwest-resume.rs:23:5
[INFO] [stdout]    |
[INFO] [stdout] 23 |     download_to_path_with_backend(Backend::Reqwest, &from_url, &target_path, true, None)
[INFO] [stdout]    |     ^^^^^^^^^^^^^^^^^^^^^^^^^^^^^ not found in this scope
[INFO] [stdout]    |
[INFO] [stdout] help: consider importing this function
[INFO] [stdout]    |
[INFO] [stdout] 3  | use rustup_private_download::download_to_path_with_backend;
[INFO] [stdout]    |
[INFO] [stdout] 
[INFO] [stdout] 
[INFO] [stdout] error[E0425]: cannot find function `download_to_path_with_backend` in this scope
[INFO] [stdout]   --> tests/download-reqwest-resume.rs:43:5
[INFO] [stdout]    |
[INFO] [stdout] 43 |     download_to_path_with_backend(
[INFO] [stdout]    |     ^^^^^^^^^^^^^^^^^^^^^^^^^^^^^ not found in this scope
[INFO] [stdout]    |
[INFO] [stdout] help: consider importing this function
[INFO] [stdout]    |
[INFO] [stdout] 3  | use rustup_private_download::download_to_path_with_backend;
[INFO] [stdout]    |
[INFO] [stdout] 
[INFO] [stdout] 
[INFO] [stdout] error: aborting due to 8 previous errors
[INFO] [stdout] 
[INFO] [stdout] 
[INFO] [stdout] Some errors have detailed explanations: E0425, E0432, E0433.
[INFO] [stdout] 
[INFO] [stdout] For more information about an error, try `rustc --explain E0425`.
[INFO] [stdout] 
[INFO] [stderr] error: could not compile `rustup-private-download`.
[INFO] [stderr] 
[INFO] [stderr] To learn more, run the command again with --verbose.
[INFO] running `Command { std: "docker" "inspect" "2acc875c2750d4c7c031f75c6629a28b6853904837cf96b6b10b1f44e446b2d5", kill_on_drop: false }`
[INFO] running `Command { std: "docker" "rm" "-f" "2acc875c2750d4c7c031f75c6629a28b6853904837cf96b6b10b1f44e446b2d5", kill_on_drop: false }`
[INFO] [stdout] 2acc875c2750d4c7c031f75c6629a28b6853904837cf96b6b10b1f44e446b2d5
